ose 21 - 1 = -5*b. Let z be 24/18*(-114)/b. Suppose -z = 2*g - 3*g. What is the remainder when g is divided by 10?
8
Let t(p) = 43*p**2 + 4*p. Calculate the remainder when t(-2) is divided by 24.
20
Let t be (27/(-6) + 4)/((-1)/86). Calculate the remainder when 108 is divided by (t + -1)*(-6)/(-9).
24
Suppose 5*q + 9 = 29, -2*g + 382 = -q. What is the remainder when g is divided by 50?
43
Suppose -2*f = 2*r - 48, -3*r + 2 = -5*f - 38. Suppose 0 = 4*v - 5*b - 47 - 60, 0 = -5*v + 4*b + 145. What is the remainder when v is divided by r?
13
Calculate the remainder when 151 is divided by ((-52)/12)/((-6)/(-9))*-2.
8
Let q = 574 - 560. Calculate the remainder when q is divided by 12.
2
Suppose 5*x + 11 = -2*q, 2*x + 3*x + 17 = q. Suppose -4*h = -q*a - 7 - 67, 5*h - 130 = -5*a. Let g = -3 + h. Calculate the remainder when 51 is divided by g.
15
What is the remainder when (160 - 6)*(-3)/(-3) is divided by 39?
37
Suppose 0 = -2*k - 1 - 1. Let x be 3/k*(2 + 0). Calculate the remainder when 56 is divided by (-110)/(-6) - 4/x.
18
Let r = 124 - -62. Let u = r + -20. Calculate the remainder when u is divided by 24.
22
What is the remainder when 68 is divided by 199 + -136 - (-2 + 2)?
5
Suppose 4*q + 11 = 5*q. Suppose -4*s - 24 = -52. Let k = -1 + s. What is the remainder when q is divided by k?
5
Let b = 96 - 66. Let y = b - 11. Calculate the remainder when y is divided by 5.
4
Let i(b) = b**3 + 5*b**2 - b - 2. Let w be i(-6). Let z = -14 - w. Suppose -2*s + 435 = 3*s. Calculate the remainder when s is divided by z.
15
Suppose -2*l - 18 = -72. Suppose -5*d + 380 = 5*w, 0 = -20*d + 17*d + 5*w + 260. What is the remainder when d is divided by l?
26
Let t = 287 - 269. What is the remainder when 47 is divided by t?
11
Let r be (-3920)/(-208) - (-2)/13. Let d = r - 16. Calculate the remainder when 3 is divided by d.
0
Let v be ((-8)/3)/((-8)/12). Suppose -v*d = -5*d + 28. Let q(g) = -g**3 + 8*g**2 + 3*g - 8. Calculate the remainder when q(6) is divided by d.
26
Let k(a) = -5*a - 41. Suppose 0 = 7*j - 6*j - 7. Calculate the remainder when k(-13) is divided by j.
3
Suppose -324 = 140*j - 35*j - 2634. Let s(v) be the first derivative of 11*v**3 + v**2 + 2*v + 1. Calculate the remainder when s(-2) is divided by j.
20
Let x(d) = -2*d - 2. Let o be x(-2). Suppose 0 = p + 2*h - 61, -3*h = o + 4. Suppose 44*i - 56*i + 204 = 0. What is the remainder when p is divided by i?
14
Suppose -13 = -3*v + 2. Let k(w) = w**3 - 4*w**2 + 3*w + 3. What is the remainder when k(v) is divided by 10/(-2)*(-6)/2?
13
Suppose -5*b = 2*n - 288 + 50, -3*b = -6. What is the remainder when n is divided by 20?
14
Suppose 0 = 25*s - 18*s - 245. Calculate the remainder when 138 is divided by s.
33
Suppose 5*w + 2*z = 7 + 500, -2*w + 2*z = -200. What is the remainder when w is divided by 21?
17
Let q(d) = -d**2 - 38*d + 19. What is the remainder when q(-31) is divided by 30?
26
Suppose 4*o - 4*k = 104, -k = o + 2*o - 78. What is the remainder when 258 is divided by o?
24
Suppose 0 = 3*q + 9, -2*o = o + 5*q - 774. What is the remainder when o is divided by 89?
85
Let y = -7 + 9. Calculate the remainder when 257 is divided by y*(-3 - (-69)/2 - -1).
62
Calculate the remainder when 45 is divided by 1*((-2)/(-1) + 6).
5
Suppose 0 = h - 5*r - 72 - 73, h + 5*r - 135 = 0. Calculate the remainder when h is divided by 49.
42
Suppose -2*j + 27 = 5*x, 87*x - 88*x - 109 = -4*j. Calculate the remainder when 304 is divided by j.
18
Let p = 1444 - 1256. Suppose 0 = 2*n - 3*o - 102, -2*n - n + o = -146. What is the remainder when p is divided by n?
44
What is the remainder when 129 is divided by (-15)/((1 + -5)/12)?
39
Suppose 8*q - 3*q - 100 = 0. Calculate the remainder when (104/(-10))/((-8)/q) is divided by 5 + 0 - (-5 + 3).
5
Suppose 0 = -5*v - 4*b - b + 250, -20 = -5*b. Suppose -2*y - 26 = y + p, 4*y + 60 = 5*p. Let q = 22 + y. What is the remainder when v is divided by q?
10
Calculate the remainder when 53 - 0/(5 - (-1 + 5)) is divided by 14.
11
Calculate the remainder when 33 is divided by (29/58)/(10/(-12))*-15.
6
Let j be -2*(-274)/4*-1. Let p = -88 - j. What is the remainder when p is divided by 26?
23
Let y be 54/(-24)*8/(-6). Suppose o - 3*p + 1 - 4 = 0, -5*o = y*p + 3. Suppose 0 = -o*j - j + 61. Calculate the remainder when j is divided by 21.
19
Let m(r) = r**2 + 4*r + 86. Calculate the remainder when m(-16) is divided by 19.
12
Suppose 0 = 29*o - 28*o - 35. Calculate the remainder when o is divided by 8.
3
Calculate the remainder when (-1)/(7/(6132/(-1758)) - -2) is divided by 59.
28
Let h(a) = 9*a - 45. Let d(w) = -4*w + 22. Let c(s) = 7*d(s) + 3*h(s). What is the remainder when c(-28) is divided by 5?
2
Suppose 5*x - 158 = 127. Let k(u) = -2*u + 5. Let l be k(-4). Suppose -d + 2*d + 2*o = l, 5*o + 80 = 5*d. What is the remainder when x is divided by d?
12
Calculate the remainder when 139 is divided by (-858)/(-91) + (-16)/(-28).
9
Suppose -123 = -7*h - 2*i, -69 = -5*h - 2*i + 20. What is the remainder when 1 - (0 + -64 - 1) is divided by h?
15
Let j(c) = -2*c - 17. Let z be j(-11). Suppose -2*k + 6 = 0, 4*k = 2*l - z*l + 39. What is the remainder when l is divided by 6?
3
Let o be 9/6*40/(-12). Let l = o - -8. Suppose 4*i + 32 = q + l*q, 0 = -4*q - i + 12. Calculate the remainder when 13 is divided by q.
1
Suppose 3*o = 3*i + 21, -2*o + 23 = -3*i + 2*o. Let j = i - -25. Suppose y + h = 41, 5*h - 4*h = -4*y + 155. What is the remainder when y is divided by j?
18
Let k(n) = n**3 + 6*n**2 + 3*n + 3. Let h(w) = -6*w + 2. Let o be h(-13). What is the remainder when k(-3) is divided by 4/(o/(-44))*-5?
10
Let q = -74 - -32. Suppose m - 3*m - 222 = 0. Let w = q - m. What is the remainder when w is divided by 18?
15
Suppose p + 4*s - 206 = 0, -3*s + 16 - 4 = 0. Calculate the remainder when p is divided by 61.
7
Let c(q) = q**3 - 32*q**2 + 33*q - 50. Calculate the remainder when 92 is divided by c(31).
8
Let k be (-8)/(2/(1 - 0)). Let q(o) = -8*o + 19. Let s = -16 + 43. What is the remainder when q(k) is divided by s?
24
Let d(o) = o**3 - 5*o**2 + 2*o - 7. Let g be (8 - (-2 - -1)) + -4. What is the remainder when 14 is divided by d(g)?
2
Let i(f) = -f**2 - 5*f + 10. Let b be i(-7). Let t be b/6 + (-8)/(-12). Suppose t*h = h - 9. Calculate the remainder when 35 is divided by h.
8
Let o be -3*(11 + -14 - 37/3). Suppose 0 = 47*x - 49*x + o. What is the remainder when x is divided by 12?
11
Let i(p) = p + 1. Let u be i(0). What is the remainder when -5 - -3 - ((-96)/(-16) + -19) is divided by (-4)/(-2*u) + 1?
2
Let q be 1/(2*3/(-18)). Let p(w) = 2*w + 1. Let g be p(q). Let c(i) = -i. Calculate the remainder when 18 is divided by c(g).
3
Suppose 0 = -3*r - 2*w + 174 + 9, 0 = 3*w + 9. Suppose 7*f = -f + 208. What is the remainder when r is divided by f?
11
Suppose 26*d - 384 = 318. Suppose -2*s = 8, -s = l - 5*s - 96. Calculate the remainder when l is divided by d.
26
Suppose 41 = -3*p + 44. Suppose -15 + p = -2*v. What is the remainder when 9 is divided by v?
2
Suppose h = 5*p - h - 11, 7 = -2*p - 3*h. Let l = p - 1. Calculate the remainder when 24 is divided by (-12)/(l + -4) + 6.
6
Suppose 5*i = 4*q + 776, 5*i - 2*q - 626 = 142. Let f(o) = -o**3 - 4*o**2 + 7*o - 8. Calculate the remainder when i is divided by f(-6).
20
Calculate the remainder when 121 is divided by 24*1 - (-4)/88*0.
1
Suppose 10 = 6*i - 4*i. Let u be (-35)/(-3) + (-30)/45. Suppose 5*m - 96 = -4*t, 28 = t + 5*m - u. Calculate the remainder when t is divided by i.
4
Let h(o) = 2744*o**2 - 4*o - 7. Calculate the remainder when h(-1) is divided by 13.
11
Let v = -42 - -148. Suppose 19 = -o + v. What is the remainder when o is divided by 15?
12
Let p = 17 - 9. Let s(i) = -i**2 + 15*i - 14. Let a be s(5). What is the remainder when 39 is divided by (14/p)/(3/a)?
18
Suppose 33*u - 314 - 214 = 0. Calculate the remainder when (-1338)/(-22) - (-2)/11 is divided by u.
13
Let c be 2/((-6)/(-201)) + 1. Let p = c + -35. What is the remainder when 29 is divided by (p/(-55))/((-2)/50)?
14
Suppose 2*z + 15 = 7*z. Suppose -z + 0 = -i. Suppose i*t - 3 = 72. Calculate the remainder when 48 is divided by t.
23
Let l = 88 + -67. Suppose -7826 = -l*q - 1946. Calculate the remainder when q is divided by 47.
45
Suppose 2*w + 2*w + 2*m = 286, -5*w + 5*m + 350 = 0. 